te number?
True
Is 17491110089 a prime number?
True
Is 3249452071 a prime number?
True
Is 4573085393 composite?
True
Is 77091907 composite?
False
Is 741318373 a prime number?
True
Is 25108774633 a prime number?
False
Is 1812397835 a prime number?
False
Is 120452310203 a composite number?
False
Is 3454710071 a prime number?
True
Is 3788662999 prime?
False
Is 3476498941 a prime number?
False
Is 99538889 a prime number?
True
Is 1886230321 composite?
False
Is 6205625035 prime?
False
Is 18259303 composite?
False
Is 272796533807 a composite number?
True
Is 807181 composite?
False
Is 422299946 composite?
True
Is 1324935571 composite?
True
Is 770734837 prime?
True
Is 49426019 a composite number?
True
Is 190158817649 prime?
True
Is 13846333493 prime?
False
Is 26354683963 a composite number?
False
Is 6877409821 prime?
False
Is 1018940177 prime?
False
Is 171615701 a composite number?
False
Is 2905638607 prime?
False
Is 66086773763 a composite number?
False
Is 119479867391 composite?
False
Is 37117065803 a prime number?
True
Is 263076129167 composite?
False
Is 19386104767 composite?
True
Is 34426336031 a prime number?
True
Is 55613979107 prime?
False
Is 511308379 a composite number?
False
Is 1352747233 a composite number?
False
Is 4577225141 prime?
True
Is 272809559 composite?
True
Is 2401093087 composite?
True
Is 1975061449 a prime number?
True
Is 377948911 prime?
True
Is 6634351517 prime?
False
Is 187242317 composite?
False
Is 794031509 a prime number?
True
Is 7765829 a prime number?
True
Is 407316031 composite?
False
Is 87506813399 a prime number?
True
Is 41320253759 prime?
True
Is 13599267041 a composite number?
True
Is 2040899429 a prime number?
False
Is 5473216682 prime?
False
Is 1027643 a prime number?
True
Is 489892363 composite?
False
Is 12691584903 a prime number?
False
Is 353578804153 prime?
False
Is 3055153 prime?
True
Is 5737350731 a composite number?
True
Is 824572201 composite?
False
Is 48710326549 a composite number?
True
Is 1051429393 prime?
False
Is 585837739 a prime number?
True
Is 9855628327 prime?
False
Is 71669771119 a prime number?
True
Is 2642091181 composite?
True
Is 4705669 composite?
False
Is 1252183531 composite?
True
Is 283963969 a composite number?
True
Is 2297935889 prime?
False
Is 543354853 a prime number?
True
Is 69009335459 a prime number?
True
Is 114856552973 a composite number?
False
Is 630072169 a prime number?
True
Is 425625269 prime?
True
Is 138056306441 a prime number?
True
Is 310893989 prime?
False
Is 127882069115 prime?
False
Is 940486915 a prime number?
False
Is 47115044699 a composite number?
False
Is 100805723699 prime?
False
Is 712329295 a prime number?
False
Is 147625241 prime?
False
Is 2988724547 prime?
False
Is 7839301081 prime?
True
Is 1004723539 a composite number?
True
Is 11742140309 a prime number?
True
Is 5581019443 a composite number?
True
Is 5937845081 composite?
True
Is 3164807089 prime?
False
Is 7783803943 a prime number?
True
Is 269128283 prime?
False
Is 28301210669 composite?
False
Is 371610283 a composite number?
True
Is 28365600827 prime?
True
Is 69773601589 composite?
False
Is 324968887 prime?
False
Is 396792131 prime?
True
Is 1124664497 a composite number?
True
Is 14246956753 a prime number?
True
Is 84859139 a prime number?
False
Is 13772322989 prime?
True
Is 307398671 a composite number?
True
Is 433060117 a composite number?
True
Is 7506058759 a composite number?
True
Is 51856980163 composite?
True
Is 157794393 a composite number?
True
Is 36521361979 prime?
False
Is 2043799889 prime?
False
Is 269250313 a prime number?
True
Is 1306195039 composite?
False
Is 1978963669 a prime number?
True
Is 9087403723 a composite number?
True
Is 268950463 a composite number?
True
Is 15887853159 a prime number?
False
Is 6696027043 a composite number?
True
Is 8843648185 prime?
False
Is 592321879 composite?
False
Is 14157795247 prime?
True
Is 221420873 prime?
False
Is 55434427813 a prime number?
True
Is 115664656043 composite?
False
Is 14136220067 a prime number?
True
Is 1647358199 a prime number?
False
Is 111226501187 composite?
True
Is 19638858359 a prime number?
True
Is 82730802397 composite?
False
Is 38067031823 a composite number?
False
Is 2929489 a prime number?
False
Is 13630435565 a prime number?
False
Is 3008655877 prime?
True
Is 304359697 prime?
True
Is 1137097877 a composite number?
False
Is 1283027 prime?
True
Is 1098093679 a prime number?
True
Is 83421432245 a prime number?
False
Is 1189505201 prime?
True
Is 3057367199 composite?
False
Is 3195819527 composite?
True
Is 9174668101 prime?
False
Is 25141989149 a prime number?
False
Is 5734696027 a prime number?
True
Is 2494777039 a prime number?
True
Is 99732389 composite?
True
Is 1853269751 prime?
False
Is 4329957761 composite?
False
Is 16049121441 composite?
True
Is 8041181423 a prime number?
False
Is 5586795883 a composite number?
False
Is 126128857009 composite?
False
Is 171663101 composite?
True
Is 173369641 a composite number?
False
Is 24072593486 a composite number?
True
Is 1054812353 composite?
True
Is 3155834107 a composite number?
False
Is 11747791441 a composite number?
False
Is 71925619 a composite number?
False
Is 11855731553 prime?
False
Is 19786735691 prime?
False
Is 934287721 prime?
True
Is 217875479 composite?
False
Is 9639185009 prime?
True
Is 17545772197 composite?
True
Is 323260037 a composite number?
False
Is 1660712029 prime?
True
Is 16150487669 prime?
False
Is 13674920827 prime?
True
Is 397432537 composite?
False
Is 343374133 composite?
True
Is 1427064391 a composite number?
True
Is 132768871 a prime number?
True
Is 45618830513 a composite number?
True
Is 535568326 a prime number?
False
Is 12146913211 a prime number?
False
Is 248384789 a prime number?
True
Is 4146088867 prime?
False
Is 29051828009 prime?
True
Is 14864437 prime?
False
Is 4961066177 a composite number?
False
Is 5253391631 a prime number?
True
Is 32409211319 composite?
True
Is 3409665601 composite?
False
Is 255460061 a prime number?
True
Is 13911587093 composite?
True
Is 71310398963 a prime number?
True
Is 2696424127 prime?
False
Is 10640574173 a prime number?
False
Is 534472787 a prime number?
False
Is 918079387 a prime number?
True
Is 1699413913 prime?
True
Is 1447229851 composite?
True
Is 71293068409 a composite number?
False
Is 1720873727 a prime number?
True
Is 106738375021 prime?
False
Is 2127423611 composite?
True
Is 44129453573 composite?
True
Is 261551567 composite?
False
Is 5240680843 prime?
False
Is 347979113 a composite number?
False
Is 28110734777 a composite number?
False
Is 9027113 a prime number?
False
Is 11079781087 prime?
False
Is 8901858653 prime?
False
Is 7909608983 a prime number?
False
Is 25257449089 a prime number?
True
Is 59971684271 prime?
True
Is 297883763 a prime number?
False
Is 910844723 prime?
False
Is 5274898235 a prime number?
False
Is 406453651 a prime number?
False
Is 1776465871 composite?
True
Is 21351931 a composite number?
True
Is 73940291 prime?
True
Is 8357404021 composite?
False
Is 50625577841 a composite number?
True
Is 86676979069 composite?
False
Is 56070398143 prime?
True
Is 21053077639 a prime number?
False
Is 4715762071 a composite number?
False
Is 2537250319 composite?
True
Is 4076449423 a composite number?
False
Is 17300696813 composite?
True
Is 1286940527 composite?
True
Is 35751415507 a prime number?
True
Is 34884202201 composite?
False
Is 7637637695 a prime number?
False
Is 1292006707 a prime number?
False
Is 22756057 composite?
False
Is 19805417663 composite?
False
Is 26221765357 prime?
False
Is 4156628053 prime?
True
Is 1403880041 composite?
False
Is 15787315787 a composite number?
False
Is 11510258129 prime?
True
Is 1612651081 a composite number?
True
Is 21279650429 a prime number?
False
Is 5494386137 a prime number?
True
Is 2861829743 composite?
False
Is 107188229 a composite number?
False
Is 681117803 a composite number?
False
Is 3152418403 prime?
False
Is 408271379 a prime number?
True
Is 1920229973 composite?
True
Is 856560127 prime?
False
Is 1052641237 a composite number?
True
Is 5971664481 prime?
False
Is 2747828983 prime?
False
Is 2304662651 composite?
False
Is 7152373199 composite?
True
Is 91597117 a prime number?
True
Is 1753577633 composite?
False
Is 369922959293 composite?
False
Is 15758781107 a p